 factors of 6235.
5, 29, 43
List the prime factors of 831.
3, 277
List the prime factors of 4342.
2, 13, 167
What are the prime factors of 324?
2, 3
What are the prime factors of 5334?
2, 3, 7, 127
List the prime factors of 1777.
1777
List the prime factors of 583.
11, 53
What are the prime factors of 47554?
2, 13, 31, 59
What are the prime factors of 16317?
3, 7, 37
List the prime factors of 1259.
1259
List the prime factors of 394.
2, 197
List the prime factors of 69633.
3, 2579
List the prime factors of 977.
977
List the prime factors of 486.
2, 3
List the prime factors of 15802.
2, 7901
List the prime factors of 78106.
2, 7, 797
List the prime factors of 50106.
2, 3, 7, 1193
List the prime factors of 985.
5, 197
List the prime factors of 2611.
7, 373
List the prime factors of 12292.
2, 7, 439
What are the prime factors of 53674?
2, 47, 571
What are the prime factors of 805?
5, 7, 23
List the prime factors of 7040.
2, 5, 11
What are the prime factors of 1336?
2, 167
List the prime factors of 9140.
2, 5, 457
What are the prime factors of 617?
617
List the prime factors of 6467.
29, 223
What are the prime factors of 34481?
29, 41
List the prime factors of 1490.
2, 5, 149
List the prime factors of 1101.
3, 367
What are the prime factors of 69173?
13, 17, 313
What are the prime factors of 23585?
5, 53, 89
What are the prime factors of 6656?
2, 13
List the prime factors of 59979.
3, 19993
What are the prime factors of 28033?
17, 97
What are the prime factors of 94410?
2, 3, 5, 1049
List the prime factors of 87831.
3, 3253
What are the prime factors of 12175?
5, 487
What are the prime factors of 4541?
19, 239
List the prime factors of 1624.
2, 7, 29
List the prime factors of 1413.
3, 157
What are the prime factors of 3120?
2, 3, 5, 13
What are the prime factors of 17033?
17033
What are the prime factors of 1200?
2, 3, 5
What are the prime factors of 5341?
7, 109
What are the prime factors of 5001?
3, 1667
List the prime factors of 46236.
2, 3, 3853
List the prime factors of 19657.
11, 1787
List the prime factors of 1374.
2, 3, 229
What are the prime factors of 273?
3, 7, 13
List the prime factors of 1457.
31, 47
List the prime factors of 118.
2, 59
What are the prime factors of 39897?
3, 11, 13, 31
List the prime factors of 5583.
3, 1861
What are the prime factors of 1985?
5, 397
List the prime factors of 19231.
19231
What are the prime factors of 12445?
5, 19, 131
List the prime factors of 64141.
7, 11, 17
What are the prime factors of 114843?
3, 38281
What are the prime factors of 20556?
2, 3, 571
List the prime factors of 13134.
2, 3, 11, 199
List the prime factors of 60039.
3, 7, 953
What are the prime factors of 10656?
2, 3, 37
What are the prime factors of 57780?
2, 3, 5, 107
What are the prime factors of 36144?
2, 3, 251
List the prime factors of 9257.
9257
List the prime factors of 32876.
2, 8219
What are the prime factors of 4652?
2, 1163
List the prime factors of 59143.
7, 17, 71
List the prime factors of 1099.
7, 157
List the prime factors of 907.
907
What are the prime factors of 7542?
2, 3, 419
What are the prime factors of 100638?
2, 3, 5591
List the prime factors of 1683.
3, 11, 17
What are the prime factors of 1303?
1303
What are the prime factors of 63342?
2, 3, 17, 23
List the prime factors of 6978.
2, 3, 1163
List the prime factors of 1634.
2, 19, 43
What are the prime factors of 20650?
2, 5, 7, 59
List the prime factors of 506.
2, 11, 23
What are the prime factors of 73814?
2, 13, 17, 167
List the prime factors of 7715.
5, 1543
What are the prime factors of 10624?
2, 83
What are the prime factors of 144119?
31, 4649
What are the prime factors of 7861?
7, 1123
What are the prime factors of 34832?
2, 7, 311
List the prime factors of 1684.
2, 421
What are the prime factors of 197?
197
What are the prime factors of 52357?
41, 1277
List the prime factors of 32707.
32707
What are the prime factors of 41495?
5, 43, 193
List the prime factors of 61862.
2, 30931
List the prime factors of 106848.
2, 3, 7, 53
What are the prime factors of 7706?
2, 3853
List the prime factors of 33333.
3, 41, 271
List the prime factors of 116706.
2, 3, 53, 367
What are the prime factors of 25628?
2, 43, 149
What are the prime factors of 823?
823
List the prime factors of 100942.
2, 41, 1231
List the prime factors of 26218.
2, 13109
What are the prime factors of 859?
859
What are the prime factors of 2110?
2, 5, 211
List the prime factors of 30872.
2, 17, 227
List the prime factors of 578.
2, 17
What are the prime factors of 78656?
2, 1229
What are the prime factors of 3162?
2, 3, 17, 31
What are the prime factors of 206?
2, 103
List the prime factors of 127565.
5, 31, 823
List the prime factors of 13816.
2, 11, 157
What are the prime factors of 2049?
3, 683
What are the prime factors of 10371?
3, 3457
List the prime factors of 43315.
5, 8663
What are the prime factors of 24774?
2, 3, 4129
What are the prime factors of 17474?
2, 8737
What are the prime factors of 449?
449
List the prime factors of 706.
2, 353
List the prime factors of 1987.
1987
What are the prime factors of 20677?
23, 29, 31
List the prime factors of 10747.
11, 977
What are the prime factors of 964?
2, 241
What are the prime factors of 3735?
3, 5, 83
What are the prime factors of 1723?
1723
What are the prime factors of 4715?
5, 23, 41
What are the prime factors of 37247?
7, 17, 313
What are the prime factors of 642?
2, 3, 107
List the prime factors of 9589.
43, 223
List the prime factors of 814.
2, 11, 37
What are the prime factors of 25164?
2, 3, 233
List the prime factors of 5759.
13, 443
What are the prime factors of 16724?
2, 37, 113
What are the prime factors of 1169?
7, 167
List the prime factors of 1229.
1229
What are the prime factors of 29899?
29, 1031
What are the prime factors of 72740?
2, 5, 3637
What are the prime factors of 116832?
2, 3, 1217
List the prime factors of 16938.
2, 3, 941
List the prime factors of 434.
2, 7, 31
List the prime factors of 4997.
19, 263
List the prime factors of 2066.
2, 1033
What are the prime factors of 6816?
2, 3, 71
What are the prime factors of 4046?
2, 7, 17
What are the prime factors of 12270?
2, 3, 5, 409
List the prime factors of 2243.
2243
What are the prime factors of 12916?
2, 3229
What are the prime factors of 1859?
11, 13
What are the prime factors of 498?
2, 3, 83
List the prime factors of 616.
2, 7, 11
List the prime factors of 7178.
2, 37, 97
What are the prime factors of 406?
2, 7, 29
List the prime factors of 3436.
2, 859
List the prime factors of 2057.
11, 17
What are the prime factors of 18648?
2, 3, 7, 37
What are the prime factors of 129641?
129641
What are the prime factors of 1898?
2, 13, 73
List the prime factors of 37437.
3, 12479
What are the prime factors of 18451?
18451
List the prime factors of 12125.
5, 97
What are the prime factors of 56399?
7, 1151
What are the prime factors of 627?
3, 11, 19
What are the prime factors of 42410?
2, 5, 4241
What are the prime factors of 71546?
2, 83, 431
What are the prime factors of 3879?
3, 431
What are the prime factors of 97995?
3, 5, 47, 139
List the prime factors of 8267.
7, 1181
List the prime factors of 107814.
2, 3, 7, 17, 151
List the prime factors of 2381.
2381
List the prime factors of 43900.
2, 5, 439
List the prime factors of 231.
3, 7, 11
What are the prime factors of 1313?
13, 101
List the prime factors of 2890.
2, 5, 17
What are the prime factors of 1805?
5, 19
What are the prime factors of 50856?
2, 3, 13, 163
List the prime factors of 1540.
2, 5, 7, 11
What are the prime factors of 92356?
2, 11, 2099
List the prime factors of 61724.
2, 13, 1187
What are the prime factors of 10596?
2, 3, 883
List the prime factors of 1084.
2, 271
What are the prime factors of 1378?
2, 13, 53
List the prime factors of 2256.
2, 3, 47
List the prime factors of 11823.
3, 7, 563
What are the prime factors of 4542?
2, 3, 757
What are the prime factors of 3777?
3, 1259
What are the prime factors of 9995?
5, 1999
What are the prime factors of 19284?
2, 3, 1607
List the prime factors of 1434.
2, 3, 239
List the prime factors of 889.
7, 127
What are the prime factors of 3720?
2, 3, 5, 31
What are the prime factors of 422?
2, 211
List the prime factors of 3238.
2, 1619
What are the prim